or of 251840 and 320.
320
Calculate the highest common factor of 86 and 622898.
86
What is the greatest common factor of 22 and 325941?
11
What is the highest common factor of 149530 and 950?
190
Calculate the greatest common factor of 58020 and 5640.
60
What is the greatest common divisor of 1912 and 1744700?
956
What is the greatest common divisor of 3335 and 7015?
115
What is the highest common factor of 23 and 500641?
23
Calculate the highest common factor of 45 and 193470.
15
Calculate the highest common factor of 54931 and 3423.
163
Calculate the highest common factor of 422165 and 1955.
115
Calculate the highest common factor of 36 and 9252.
36
Calculate the greatest common factor of 333 and 1458.
9
What is the highest common factor of 28 and 6617184?
28
Calculate the highest common factor of 923 and 5751.
71
Calculate the greatest common divisor of 2058319 and 1754.
877
What is the highest common divisor of 202454 and 42?
14
What is the highest common factor of 68664 and 24?
24
What is the greatest common divisor of 306888 and 1140?
228
Calculate the greatest common divisor of 1039810 and 10.
10
Calculate the highest common factor of 1924 and 20572.
148
What is the highest common divisor of 903 and 12?
3
What is the greatest common divisor of 67752 and 312?
24
What is the highest common divisor of 105 and 13155?
15
What is the greatest common divisor of 981272 and 276?
92
Calculate the greatest common divisor of 10526 and 62602.
554
What is the highest common factor of 882 and 473193?
441
What is the greatest common factor of 9 and 212295?
3
What is the greatest common divisor of 182 and 2786?
14
Calculate the highest common divisor of 684 and 23076.
36
Calculate the highest common factor of 882 and 54.
18
Calculate the greatest common factor of 10 and 13435.
5
Calculate the highest common factor of 589134 and 498.
498
Calculate the highest common divisor of 463 and 2561779.
463
What is the highest common divisor of 150630 and 105?
15
Calculate the highest common divisor of 841 and 246.
1
Calculate the highest common divisor of 4263 and 15729.
147
What is the greatest common factor of 13122 and 108?
54
What is the highest common factor of 6776 and 16324?
308
Calculate the greatest common factor of 6 and 16521.
3
Calculate the highest common divisor of 109920 and 96.
96
What is the greatest common divisor of 6260 and 1169368?
1252
Calculate the greatest common factor of 32604 and 672771.
627
Calculate the greatest common factor of 143256 and 105918.
762
What is the highest common divisor of 982268 and 56?
28
Calculate the highest common factor of 1498 and 42.
14
Calculate the highest common divisor of 98 and 171682.
14
What is the highest common divisor of 115 and 4792142?
23
What is the highest common factor of 318 and 192?
6
Calculate the highest common factor of 186579 and 3.
3
What is the greatest common divisor of 14396 and 6608?
236
Calculate the greatest common divisor of 1297765 and 15.
5
What is the greatest common factor of 79 and 10728516?
79
Calculate the greatest common factor of 13 and 423319.
13
Calculate the highest common factor of 72 and 151236.
36
Calculate the highest common divisor of 125 and 5550.
25
What is the highest common divisor of 96 and 160400?
16
What is the greatest common divisor of 921793 and 213?
71
Calculate the greatest common factor of 567 and 50139.
81
Calculate the greatest common factor of 675 and 4375.
25
What is the highest common factor of 172 and 517849?
43
What is the greatest common factor of 227129 and 2485?
497
What is the highest common factor of 6435 and 3465?
495
Calculate the greatest common divisor of 1210452 and 152.
76
What is the greatest common factor of 32895 and 36?
9
Calculate the highest common divisor of 2024 and 9229.
11
Calculate the highest common factor of 762 and 23241.
381
Calculate the greatest common divisor of 480 and 2900.
20
What is the highest common factor of 362 and 7573402?
362
What is the highest common factor of 5 and 1255?
5
Calculate the highest common factor of 96530 and 392.
98
Calculate the greatest common factor of 25 and 380.
5
What is the greatest common divisor of 33 and 149?
1
Calculate the highest common factor of 984 and 598600.
328
Calculate the greatest common factor of 3243 and 105421.
47
Calculate the greatest common divisor of 101646 and 18.
18
Calculate the highest common divisor of 2888 and 139346.
722
Calculate the highest common divisor of 797170 and 176.
22
What is the greatest common divisor of 20040 and 4676?
668
What is the greatest common factor of 64 and 46496?
32
What is the highest common factor of 2213671 and 886?
443
What is the greatest common factor of 308 and 319781?
77
Calculate the highest common divisor of 37436 and 1372.
196
What is the highest common divisor of 244 and 114680?
244
What is the highest common divisor of 26496 and 2668?
92
Calculate the highest common divisor of 28176 and 408.
24
Calculate the highest common factor of 4623 and 3450.
69
What is the highest common factor of 10 and 165650?
10
What is the greatest common divisor of 33545 and 65?
5
What is the highest common factor of 2715 and 51042?
543
What is the highest common factor of 13902892 and 596?
596
Calculate the greatest common divisor of 1830 and 1002.
6
Calculate the highest common divisor of 629 and 7844.
37
Calculate the highest common divisor of 702 and 42393.
39
Calculate the greatest common divisor of 236776 and 204.
68
Calculate the highest common divisor of 1420 and 8.
4
What is the highest common divisor of 630 and 80955?
315
Calculate the highest common factor of 549 and 645807.
183
What is the highest common divisor of 3 and 2026?
1
Calculate the highest common divisor of 50650 and 8.
2
What is the highest common divisor of 270438 and 17766?
1974
What is the highest common factor of 144 and 407304?
72
Calculate the greatest common factor of 47052 and 54.
18
Calculate the highest common factor of 15335 and 45.
5
Calculate the greatest common factor of 99348 and 60.
12
Calculate the greatest common divisor of 305988 and 60.
12
Calculate the highest common factor of 15 and 126345.
15
Calculate the greatest common factor of 204 and 9217332.
204
What is the highest common factor of 41465 and 5?
5
Calculate the highest common divisor of 3288 and 456.
24
Calculate the highest common divisor of 18 and 370809.
9
Calculate the greatest common factor of 5963 and 86899.
67
Calculate the greatest common divisor of 104 and 1899651.
13
What is the greatest common divisor of 494960 and 269?
269
Calculate the greatest common divisor of 1490 and 6407.
149
What is the greatest common factor of 2655 and 170?
5
Calculate the greatest common divisor of 720 and 600912.
144
What is the highest common divisor of 120030 and 120?
30
What is the greatest common factor of 12 and 264036?
12
What is the greatest common factor of 158 and 6587257?
79
Calculate the greatest common factor of 159 and 12137.
53
What is the highest common factor of 254734 and 67?
67
Calculate the greatest common factor of 131423 and 19.
19
Calculate the greatest common factor of 1391888 and 16.
16
What is the highest common divisor of 2329 and 34?
17
Calculate the highest common factor of 1068705 and 8001.
1143
What is the highest common divisor of 22 and 17642?
2
Calculate the highest common divisor of 6172 and 8.
4
What is the greatest common divisor of 1017 and 256397?
113
What is the greatest common factor of 306 and 28849?
17
What is the greatest common divisor of 4042 and 3854?
94
What is the greatest common factor of 167467 and 68?
17
Calculate the highest common factor of 24052 and 252.
28
Calculate the greatest common factor of 12648187 and 34.
17
Calculate the greatest common divisor of 280 and 5560.
40
What is the highest common factor of 1947 and 8316?
33
Calculate the greatest common divisor of 292419 and 18.
9
What is the highest common divisor of 15645 and 1281?
21
What is the greatest common factor of 13246 and 5661?
37
Calculate the greatest common factor of 60040 and 395.
395
Calculate the greatest common divisor of 374723 and 549.
61
Calculate the greatest common factor of 45 and 7962255.
45
What is the highest common divisor of 1635355 and 5?
5
Calculate the highes